1102
-3116 (base 7) to base 13
-65c
What is -16c (base 15) in base 8?
-507
What is 3203 (base 4) in base 9?
272
-12660 (base 8) to base 4
-1112300
What is -1734 (base 8) in base 12?
-6a4
Convert 158 (base 16) to base 2.
101011000
Convert a85c (base 13) to base 9.
35078
What is -469 (base 10) in base 7?
-1240
Convert 2044 (base 7) to base 13.
433
Convert -3442 (base 6) to base 4.
-30302
What is 167 (base 13) in base 4?
3332
What is 1033455 (base 6) in base 5?
3120441
Convert 1646 (base 8) to base 14.
4aa
Convert 63d (base 16) to base 13.
95b
-ce5 (base 16) to base 10
-3301
What is 114 (base 10) in base 12?
96
Convert 876 (base 11) to base 4.
100123
What is -214 (base 5) in base 4?
-323
-24131 (base 5) to base 2
-11011111111
What is -1321 (base 11) in base 6?
-11541
What is -16310 (base 7) in base 10?
-4613
-34677 (base 10) to base 6
-424313
What is 10200012 (base 3) in base 11?
2015
Convert 289 (base 12) to base 14.
201
Convert 18d (base 16) to base 11.
331
Convert -52 (base 11) to base 10.
-57
444141 (base 6) to base 9
56037
Convert 22033 (base 4) to base 2.
1010001111
What is -1201110112 (base 3) in base 12?
-17728
Convert 4030 (base 7) to base 12.
981
41c (base 14) to base 16
32a
What is 43871 (base 9) in base 11?
1a994
-451 (base 15) to base 14
-4da
What is -1101 (base 4) in base 15?
-56
Convert 479e (base 15) to base 6.
154252
-23957 (base 10) to base 9
-35768
What is -7c57 (base 15) in base 16?
-6727
What is 3151 (base 9) in base 3?
10011201
203202 (base 4) to base 10
2274
What is -3111 (base 5) in base 12?
-29a
What is -1358 (base 9) in base 4?
-100001
b8 (base 13) to base 2
10010111
What is -383 (base 11) in base 8?
-706
What is -200200 (base 3) in base 10?
-504
Convert -125 (base 16) to base 3.
-101212
What is -101111111010 (base 2) in base 5?
-44231
Convert -4324 (base 11) to base 9.
-7747
683 (base 9) to base 16
231
8aa (base 11) to base 16
440
Convert 7520 (base 10) to base 5.
220040
Convert -34220 (base 5) to base 13.
-1154
-20101 (base 5) to base 4
-103330
-1010100111 (base 2) to base 15
-304
Convert -50375 (base 8) to base 2.
-101000011111101
-88a (base 11) to base 2
-10000101010
Convert -2243 (base 5) to base 9.
-388
What is -2234 (base 12) in base 6?
-25304
117a (base 13) to base 8
4643
-101707 (base 8) to base 12
-17633
Convert 5404 (base 7) to base 12.
1137
What is f8f (base 16) in base 4?
332033
-22797 (base 11) to base 16
-8081
3415 (base 6) to base 11
670
What is -113113 (base 4) in base 6?
-10531
What is 4b81 (base 14) in base 15?
3dd0
102011120 (base 3) to base 10
8142
What is -1351200 (base 6) in base 15?
-17b1c
-2216 (base 13) to base 3
-20111222
13 (base 9) to base 14
c
891 (base 13) to base 3
2000110
Convert 6067 (base 10) to base 6.
44031
What is -2211 (base 4) in base 13?
-c9
What is 52502 (base 6) in base 7?
26453
What is 467 (base 9) in base 5?
3020
What is 1d8f (base 16) in base 15?
2397
Convert -8ab9 (base 15) to base 11.
-2011a
What is -a78 (base 12) in base 9?
-2082
85b (base 15) to base 16
75e
Convert 826 (base 13) to base 9.
1807
What is -266 (base 8) in base 4?
-2312
Convert -3132212 (base 4) to base 3.
-201112122
12302 (base 4) to base 16
1b2
Convert -6175 (base 13) to base 15.
-3eb7
What is -21212 (base 4) in base 14?
-31c
What is -2b51 (base 13) in base 15?
-1d14
What is 56341 (base 7) in base 14?
5291
-330102 (base 5) to base 4
-2300031
-10202 (base 7) to base 13
-11a5
What is 1404 (base 5) in base 12?
171
What is 10101011111 (base 2) in base 8?
2537
6334 (base 14) to base 13
7a23
Convert 52523 (base 8) to base 3.
1002222000
What is 145011 (base 7) in base 12?
14346
Convert 22012 (base 3) to base 4.
3131
-4569 (base 10) to base 9
-6236
-11011 (base 6) to base 5
-22034
114 (base 16) to base 3
101020
104 (base 7) to base 2
110101
What is -576 (base 8) in base 16?
-17e
What is -377 (base 12) in base 13?
-313
Convert 22210 (base 5) to base 4.
120103
What is -111021220 (base 3) in base 9?
-14256
Convert -7b5 (base 12) to base 10.
-1145
What is 214 (base 14) in base 4?
12122
Convert 1000122201 (base 3) to base 7.
112531
What is 100011100 (base 2) in base 4?
10130
-20211110 (base 3) to base 11
-3818
What is 95a (base 13) in base 3?
2012010
-3354 (base 6) to base 8
-1426
119 (base 14) to base 15
e9
What is -10101010000 (base 2) in base 14?
-6d2
Convert 31214 (base 5) to base 3.
2211021
-111 (base 9) to base 3
-10101
-31881 (base 10) to base 3
-1121201210
What is -102222 (base 7) in base 6?
-213303
Convert -101110111110 (base 2) to base 12.
-18a6
Convert -471 (base 14) to base 8.
-1563
Convert 33152 (base 6) to base 2.
1000111111100
Convert 1121323 (base 4) to base 12.
33b7
Convert 1e61 (base 16) to base 9.
11601
215 (base 13) to base 15
18b
What is 1892 (base 12) in base 9?
4082
-424 (base 15) to base 6
-4154
Convert 5169 (base 14) to base 10.
14009
1875 (base 9) to base 8
2645
124240 (base 5) to base 4
1031101
4829 (base 10) to base 11
36a0
Convert 12101200 (base 3) to base 13.
1a37
What is f01a (base 16) in base 9?
103275
-210120010 (base 3) to base 11
-10899
-11220 (base 10) to base 3
-120101120
What is -111262 (base 7) in base 5?
-1112233
What is 22106 (base 7) in base 3?
21121022
20120101 (base 4) to base 11
23871
-9ca3 (base 13) to base 3
-1010002101
-163 (base 12) to base 11
-18a
Convert 12866 (base 10) to base 5.
402431
Convert 42 (base 5) to base 13.
19
21223 (base 4) to base 5
4434
What is 3436 (base 8) in base 13?
aa2
Convert 8a6d (base 15) to base 3.
1111021011
What is 31501 (base 7) in base 11?
5944
Convert 2443 (base 9) to base 3.
2111110
-42925 (base 10) to base 16
-a7ad
Convert 133 (base 5) to base 3.
1121
What is 5e6 (base 15) in base 6?
10113
Convert -66115 (base 8) to base 7.
-143555
What is 17751 (base 10) in base 5?
1032001
2222 (base 8) to base 15
530
-a96 (base 11) to base 4
-110203
-416 (base 9) to base 5
-2324
Convert -145204 (base 6) to base 13.
-656b
What is 551 (base 6) in base 13?
133
-7562 (base 9) to base 11
-41a9
What is -30123 (base 7) in base 6?
-53353
Convert 110111001 (base 2) to base 8.
671
Convert -3c27 (base 14) to base 15.
-322e
253 (base 12) to base 10
351
-553 (base 7) to base 9
-344
-18040 (base 9) to base 7
-51144
Convert 1a50c (base 14) to base 11.
46251
What is -812 (base 13) in base 7?
-3662
What is -52e7 (base 16) in base 12?
-10347
Convert -107511 (base 9) to base 10.
-64567
What is -337 (base 16) in base 14?
-42b
1290 (base 15) to base 10
3960
Convert 58430 (base 9) to base 14.
102cc
Convert 156 (base 7) to base 9.
110
3000 (base 4) to base 5
1232
What is 5154 (base 10) in base 6?
35510
-325450 (base 6) to base 4
-12220212
Convert -19b4 (base 12) to base 5.
-100120
5270 (base 16) to base 15
63be
Convert -3d1 (base 16) to base 6.
-4305
Convert -2c3 (base 13) to base 6.
-2145
Convert -11342 (base 5) to base 9.
-1141
2005 (base 10) to base 4
133111
-1140 (base 9) to base 8
-1516
101000100000110 (base 2) to base 6
240010
What is -738 (base 9) in base 10?
-602
What is 233122 (base 4) in base 10?
3034
What is -1033021 (base 6) in base 13?
-1a3cb
What is -110110000011111 (base 2) in base 14?
-a131
Convert -b3 (base 12) to base 10.
-135
Convert -13d6 (base 15) to base 14.
-1799
What is -1266 (base 10) in base 14?
-666
What is 339b (base 13) in base 5?
212401
Convert -243300 (base 5) to base 6.
-110332
-7de (base 15) to base 2
-11011111000
Convert 132413 (base 5) to base 15.
18c3
3834 (base 13) to base 9
11853
Convert 1669 (base 13) to base 14.
12b8
What is -249 (base 15) in base 11?
-432
What is -100010101 (base 2) in base 13?
-184
Convert 1416 (base 10) to base 9.
1843
65741 (base 8) to base 11
19827
What is -f55 (base 16) in base 7?
-14305
1d032 (base 15) to base 6
2005415
What is 546 (base 7) in base 15?
139
Convert 1341 (base 5) to base 8.
335
Convert 200020 (base 3) to base 16.
1ec
33e (base 15) to base 5
10414
Convert 2bc (base 16) to base 15.
31a
Convert 18896 (base 13) to base 15.
e192
What is 17466 (base 12) in base 6?
415010
-531 (base 8) to base 13
-207
-423 (base 6) to base 15
-a9
What is 1085 (base 10) in base 2?
10000111101
-163332 (base 7) to base 5
-2014122
7d (base 15) to base 11
a8
Convert 3210 (base 5) to base 8.
656
-184 (base 11) to base 14
-113
Convert -1211 (base 13) to base 12.
-1585
-10360 (base 7) to base 3
-10112221
-276 (base 13) to bas